 is the remainder when g is divided by 22?
1
Let m be 2/(-9) + 549/(-81). Let l be (m + -1)/4 - (-7 + 1). Suppose -l*j = j - 90. What is the remainder when j is divided by 5?
3
Suppose 7*a + m = 3*a + 12, -2*a + 20 = 4*m. Suppose 4*v = 5*c + v - 57, -37 = -5*c - a*v. Calculate the remainder when 43 is divided by c.
7
Let g be 217/((-4)/(9 - 5)). Let r = g - -228. What is the remainder when 24 is divided by r?
2
Let z = -162 + 191. Suppose -z*h = -9*h - 380. Suppose -5*d - 84 = -4*g + 53, -5*g = d - 164. What is the remainder when g is divided by h?
14
Let q(s) = s**3 - 20*s**2 + 25*s - 33. Let m be q(19). Let z = m - 57. What is the remainder when z is divided by 9?
6
Let c(w) be the second derivative of w**4/12 + 17*w**3/6 + 11*w**2 + 65*w. Calculate the remainder when 86 is divided by c(-17).
20
Let o be 392/147*3/4. Suppose -26 = -3*i - 5*q, -o*i - 5*q = -4 - 10. Suppose -88 - 4 = -4*g. What is the remainder when g is divided by i?
11
Let f(s) = 4*s**2 - 4. Let u(m) = -2*m - 39. Let p = 21 + -42. Let l be u(p). Calculate the remainder when 124 is divided by f(l).
28
Let k(m) = 5*m**2 + 52*m - 83. Calculate the remainder when k(9) is divided by 761.
29
Let y = 2209 - 1369. Suppose 2*x - 16*x = -y. What is the remainder when 77 is divided by x?
17
Let s = -55 - -27. Let g = 101 - s. Suppose -3*n + 51 = -5*v, 0 = 5*n + 3*v - 40 - 79. Calculate the remainder when g is divided by n.
19
Let r(w) = 27*w - 8. Let i be r(11). Let d = i - 187. What is the remainder when d is divided by 15?
12
Let y(l) be the first derivative of 6*l**2 - 3*l + 8 - l**2 + 3 - 3. What is the remainder when 10 is divided by y(1)?
3
Let o = -9068 + 10076. What is the remainder when o is divided by 78?
72
Let k = 1176 + -1147. Let q = -95 + 139. Calculate the remainder when q is divided by k.
15
Let q = 52 + -50. Let w = 29 - 14. Calculate the remainder when (8 - 4) + (q - -51) is divided by w.
12
Let f be (-2394)/(-35)*(-5)/(-2). Let g = f - 165. What is the remainder when 40 is divided by g?
4
Let h(u) be the second derivative of 53/2*u**2 + 0 - 1/20*u**5 + 0*u**3 + 1/12*u**4 - 36*u. What is the remainder when h(0) is divided by 14?
11
Suppose -5*i = 5*s - 130, 4*i + 68 + 53 = 5*s. What is the remainder when 1847 is divided by s?
22
Let k be -2 + 2 + 8 + 202. Let a = -175 + k. Calculate the remainder when a is divided by 27.
8
Suppose 2*k + k - v = 81, -3*k = -5*v - 81. What is the remainder when (3 + 153/(-54))*426 is divided by k?
17
Suppose 9*l - 16*l + 1414 = 0. Suppose -3*v + 8*s + l = 9*s, 0 = -v + 4*s + 50. What is the remainder when v is divided by 10?
6
Suppose 0 = 15*t + 483 + 6792. Let w = t - -580. What is the remainder when w is divided by 49?
46
Suppose -2*o + 644 = -p, 17*o - 21*o - 3*p = -1278. What is the remainder when o is divided by 44?
13
Suppose -6*j + 52 = -122. Suppose 0 = 5*h + 15, 136 = 4*f + 3*h + j. Let z(n) = -2*n - 6. Calculate the remainder when f is divided by z(-6).
5
Let k be (-1 - 1)*(-9)/6. Suppose -26*t - k*t = -2755. What is the remainder when t is divided by 97/4 - 2/8?
23
What is the remainder when (-64)/(-14)*3 - (220/14 - 16) is divided by 2/5 + (-46)/(-10)?
4
Let h = -1 + 76. Let k = 85 - h. Suppose 0 = -c + 3*r + k, 0*r + 53 = 4*c + r. Calculate the remainder when 59 is divided by c.
7
Let x = 34 - 36. Let b be ((-1)/x)/(1/4). Suppose t - 2*v = 2*t - 26, b*t - 42 = -2*v. What is the remainder when 47 is divided by t?
15
Let v(y) = -y**3 - 19*y**2 - 7*y - 145. What is the remainder when v(-20) is divided by 70?
45
Let l = 38036 - 37440. What is the remainder when l is divided by 214?
168
Suppose 5*u - 4*g - 86 = 0, g - 1 = -0. Suppose -23*w + 1765 = -2168. Suppose 4*y - w = v, 3*y - v = 93 + 35. What is the remainder when y is divided by u?
7
Suppose -462*v - 398658 = -501*v. What is the remainder when v is divided by 142?
140
Let g(x) = -x**3 - 9*x**2 - 16*x - 4. Suppose 0 = -5*n + n. Suppose -3*o + 212 - 8 = n. Calculate the remainder when o is divided by g(-7).
8
Suppose -4*a - 1337 = -2065. Calculate the remainder when a is divided by -5 - (-9 + (-24)/(-6)) - -27.
20
What is the remainder when 19030 is divided by 8/(-10) - (-126)/(-315)*919/(-2)?
181
Let r(z) = 3*z**2 + 10*z + 78. Calculate the remainder when r(-32) is divided by 135.
130
Let i = -3430 - -3507. What is the remainder when 282 is divided by i?
51
Suppose -4*i + 25*c - 22*c + 2822 = 0, 5*i - 3487 = -3*c. Calculate the remainder when i is divided by 254.
193
Let k = -221 - -256. Let x(m) = -2*m**2 - 76*m - 251. Calculate the remainder when k is divided by x(-34).
14
What is the remainder when 86 is divided by (-89462)/(-1148) - (-1)/14?
8
Let t be (730/30)/(8/6 - 1). Let j = 123 - t. Let v(z) = -4*z - 11. Calculate the remainder when j is divided by v(-7).
16
Let y(z) = -16*z**2 + 465*z - 11. What is the remainder when 1002 is divided by y(29)?
12
Let g(z) = -2*z**3 - z**2 - 3*z + 8. Let m be g(-3). Suppose d = 2*w - m, 4*d + 0 = -w + 31. What is the remainder when 211 is divided by w?
25
Let g(u) = 3*u + 41. Let t be g(5). Let a = t + -52. Suppose 3*i - 66 = -3*o, a*i - 2*o - 61 - 27 = 0. What is the remainder when i is divided by 13?
9
Let t(m) = m**2 + 13*m + 41. Let n be t(-5). Suppose n = -o, -o = -3*x - 0*o + 13. Calculate the remainder when 7 is divided by x.
3
Suppose f = 2*f - 61. Suppose 4*w = -13 + f. What is the remainder when (3 - (10 - 5))/(506/517 - 1) is divided by w?
10
Let p(n) = 2*n**2 - 21*n + 45. What is the remainder when 364 is divided by p(11)?
28
Let g(n) = -n**2 - 19*n - 33. Let d be 192/(-9)*(-18)/8. Suppose d = 6*s - 3*s. Calculate the remainder when g(-6) is divided by s.
13
Let a = 5933 + -5321. Calculate the remainder when a is divided by 152.
4
Suppose 0 = -4*y - 3*q - 115, 4*y + 9*q = 11*q - 90. Let a be (-38)/(-8)*1*-4. Let c = a - y. What is the remainder when c is divided by 3?
0
Suppose -42*z = 14*z - 30*z - 22516. Calculate the remainder when z is divided by 41.
5
Suppose -4*g + 93 = n, 4*g = n + 126 - 27. Suppose 25 = -f + 20, -465 = -v + 2*f. Calculate the remainder when v is divided by g.
23
Suppose i - 2*i + 196 = 3*t, 3*t - i = 194. Suppose 4 = 3*m - t. Suppose -m*h = -26*h + 204. Calculate the remainder when h is divided by 14.
12
Let j(s) = 5*s**3 + 97*s**2 - 123*s + 81. What is the remainder when j(-20) is divided by 21?
18
Suppose -24*n = -23*n - 125. Let d = 147 - n. What is the remainder when d is divided by 8?
6
Suppose 21425 = 332*g - 10977 + 4846. Let m = -24 + 41. Calculate the remainder when g is divided by m.
15
Let s be -7 + 0 + 27 - -4. Suppose -s*o = -28*o + 156. Calculate the remainder when o is divided by 10.
9
Let u = -1168 + 1170. What is the remainder when 12 is divided by u?
0
Let d(h) = -13 + 5 + 15*h + 4. What is the remainder when 76 is divided by d(1)?
10
Let a = -292 - -409. Let o(j) = -j + 62. What is the remainder when a is divided by o(2)?
57
Let h = 5241 + -5224. Calculate the remainder when 66 is divided by h.
15
Calculate the remainder when 391 is divided by 112 + -85*(-16)/80.
4
Suppose 51073 = 25*w - 27002. What is the remainder when w is divided by 17?
12
Suppose -2*o + t - 1 - 4 = 0, 4*t = 2*o + 14. Calculate the remainder when o + 3 + (-245)/(-5) is divided by 5.
1
Let t = 298 + -496. Let q = 305 + t. Suppose -5*c = -5*h + 190, 3*h + 5*c = -0*h + 98. What is the remainder when q is divided by h?
35
Suppose 25*b + 64*b + 26*b - 108905 = 0. Calculate the remainder when b is divided by 6.
5
What is the remainder when -5 - (12 - (-21996)/(-18)) is divided by 85?
15
Let u(g) = -g**2 - 6*g + 48. Suppose -k - 16 = -2*v, -12 - 10 = k - 4*v. Calculate the remainder when 19 is divided by u(k).
3
Let q(k) = k**2 + 2733*k + 107743. Calculate the remainder when (10/(-3) - 0)*-192 is divided by q(-40).
19
Suppose 38 + 26 = 2*k. Let r(v) = -v**2 - 10*v - 2. Let m be r(-8). Suppose 3*c + 2*l - 63 = 0, c - m = 3*l - 4. What is the remainder when k is divided by c?
13
Let x(j) = -3*j - 8. Let m be x(8). Let v be 12/(-8)*230/(-3). Let d = m + v. Calculate the remainder when d is divided by 29.
25
Suppose -5*i - 123 = -r - 4546, -4*i = 4*r - 3572. What is the remainder when i is divided by 183?
154
Let t = 174 + -115. Let l = t - 47. Suppose 228 = 5*o - 2*v + 4*v, 3*o + 3*v - 144 = 0. Calculate the